{"id":2,"date":"2025-01-07T03:38:35","date_gmt":"2025-01-07T02:38:35","guid":{"rendered":"http:\/\/weseeyou.fr\/?page_id=2"},"modified":"2026-04-24T09:33:43","modified_gmt":"2026-04-23T22:33:43","slug":"a-propos","status":"publish","type":"page","link":"https:\/\/weseeyou.fr\/index.php\/a-propos\/","title":{"rendered":"A propos"},"content":{"rendered":"\n<h5 class=\"wp-block-heading\"><em><mark style=\"background-color:rgba(0, 0, 0, 0)\" class=\"has-inline-color has-vivid-green-cyan-color\">\u00ab Nous vous voyons tel que vous \u00eates, dans votre singularit\u00e9, et nous vous accompagnons vers votre \u00e9panouissement \u00bb<\/mark><\/em><\/h5>\n\n\n\n<div style=\"height:20px\" aria-hidden=\"true\" class=\"wp-block-spacer\"><\/div>\n\n\n\n<h2 class=\"wp-block-heading\">A propos de l&rsquo;intervenante<\/h2>\n\n\n\n<div style=\"height:20px\" aria-hidden=\"true\" class=\"wp-block-spacer\"><\/div>\n\n\n\n<h2 class=\"wp-block-heading has-text-align-center\">Houy-Sy THAO<\/h2>\n\n\n\n<div class=\"wp-block-media-text is-stacked-on-mobile is-vertically-aligned-top\" style=\"grid-template-columns:23% auto\"><figure class=\"wp-block-media-text__media\"><img loading=\"lazy\" decoding=\"async\" width=\"768\" height=\"1024\" src=\"https:\/\/weseeyou.fr\/wp-content\/uploads\/2025\/01\/2024_Houy-Sy-THAO_Photo-portrait-768x1024.jpg\" alt=\"Houy-Sy THAO, Coach MUNZ FLOOR\u00ae certifi\u00e9e, Professeur de yoga, Sophrologue\" class=\"wp-image-50 size-full\" srcset=\"https:\/\/weseeyou.fr\/wp-content\/uploads\/2025\/01\/2024_Houy-Sy-THAO_Photo-portrait-768x1024.jpg 768w, https:\/\/weseeyou.fr\/wp-content\/uploads\/2025\/01\/2024_Houy-Sy-THAO_Photo-portrait-225x300.jpg 225w, https:\/\/weseeyou.fr\/wp-content\/uploads\/2025\/01\/2024_Houy-Sy-THAO_Photo-portrait-1153x1536.jpg 1153w, https:\/\/weseeyou.fr\/wp-content\/uploads\/2025\/01\/2024_Houy-Sy-THAO_Photo-portrait-1537x2048.jpg 1537w, https:\/\/weseeyou.fr\/wp-content\/uploads\/2025\/01\/2024_Houy-Sy-THAO_Photo-portrait-scaled.jpg 1921w\" sizes=\"auto, (max-width: 768px) 100vw, 768px\" \/><\/figure><div class=\"wp-block-media-text__content\">\n<div style=\"height:20px\" aria-hidden=\"true\" class=\"wp-block-spacer\"><\/div>\n\n\n\n<blockquote class=\"wp-block-quote is-style-plain is-layout-flow wp-block-quote-is-layout-flow\">\n<p><em>\u00ab&nbsp;Danseuse, ing\u00e9nieure et maman de 2 enfants, mon parcours est guid\u00e9 par l&rsquo;exploration et la transmission des techniques de bien-\u00eatre qui favorisent l&rsquo;alignement du corps et de l&rsquo;esprit. Au fil des ann\u00e9es, j&rsquo;ai eu la chance de me former et d&rsquo;obtenir:<\/em><\/p>\n\n\n\n<ul class=\"wp-block-list\">\n<li><em><strong>Une certification en sophrologie<\/strong> : cette m\u00e9thode douce est un outil pr\u00e9cieux pour apaiser l&rsquo;esprit, g\u00e9rer le stress et cultiver une meilleure conscience de soi.<\/em><\/li>\n\n\n\n<li><em><strong>La certification Yoga Alliance YTT 500H<\/strong> : elle me permet de <em> partager avec vous une pratique du yoga \u00e0 la fois respectueuse et adapt\u00e9e \u00e0 chacu<\/em>n<\/em>.<\/li>\n\n\n\n<li><em><strong>Les certifications Coach MUNZ FLOOR\u00ae et MUNZ BARRE\u00ae<\/strong> : en tant que coach certifi\u00e9e pour ces deux disciplines, je vous guide dans cette approche novatrice et r\u00e9volutionnaire cr\u00e9\u00e9e par Alexandre MUNZ. Que ce soit au sol ou \u00e0 la barre, nous explorons des mouvements spiral\u00e9s doux et profonds pour d\u00e9compresser votre colonne vert\u00e9brale, gagner en mobilit\u00e9 et en force, et am\u00e9liorer durablement votre posture.<\/em><\/li>\n<\/ul>\n\n\n\n<p><em>Port\u00e9e par le d\u00e9sir de partager des pratiques bienveillantes et accessibles \u00e0 tous, mon objectif est de cr\u00e9er pour vous un espace accueillant o\u00f9 vous pourrez vous sentir en confiance, rel\u00e2cher les tensions du quotidien et retrouver une sensation de mieux-\u00eatre. Que vous veniez pour apaiser des douleurs, am\u00e9liorer votre souplesse ou simplement prendre du temps pour vous, les s\u00e9ances sont pens\u00e9es pour accompagner chacun selon ses besoins et son propre rythme.<\/em><\/p>\n\n\n\n<p><em>Je serais ravie de vous accueillir et de partager avec vous ces pratiques qui invitent \u00e0 un v\u00e9ritable moment de d\u00e9tente et de r\u00e9g\u00e9n\u00e9ration. \u00bb<\/em><\/p>\n<\/blockquote>\n<\/div><\/div>\n\n\n\n<div style=\"height:20px\" aria-hidden=\"true\" class=\"wp-block-spacer\"><\/div>\n\n\n\n<hr class=\"wp-block-separator has-alpha-channel-opacity\"\/>\n\n\n\n<div style=\"height:20px\" aria-hidden=\"true\" class=\"wp-block-spacer\"><\/div>\n\n\n\n<div class=\"wp-block-media-text has-media-on-the-right is-stacked-on-mobile\" style=\"grid-template-columns:auto 15%\"><div class=\"wp-block-media-text__content\">\n<p>Coach certifi\u00e9e MUNZ FLOOR\u00ae<\/p>\n<\/div><figure class=\"wp-block-media-text__media\"><a href=\"https:\/\/maisonmunz.com\/\"><img loading=\"lazy\" decoding=\"async\" width=\"477\" height=\"162\" src=\"https:\/\/weseeyou.fr\/wp-content\/uploads\/2025\/01\/MM_MUNZ_FLOOR_Black_on_Transparent200.png\" alt=\"\" class=\"wp-image-542 size-full\" srcset=\"https:\/\/weseeyou.fr\/wp-content\/uploads\/2025\/01\/MM_MUNZ_FLOOR_Black_on_Transparent200.png 477w, https:\/\/weseeyou.fr\/wp-content\/uploads\/2025\/01\/MM_MUNZ_FLOOR_Black_on_Transparent200-300x102.png 300w\" sizes=\"auto, (max-width: 477px) 100vw, 477px\" \/><\/a><\/figure><\/div>\n\n\n\n<div class=\"wp-block-media-text has-media-on-the-right is-stacked-on-mobile\" style=\"grid-template-columns:auto 15%\"><div class=\"wp-block-media-text__content\">\n<p>Coach certifi\u00e9e MUNZ BARRE\u00ae<\/p>\n<\/div><figure class=\"wp-block-media-text__media\"><a href=\"https:\/\/maisonmunz.com\/\"><img loading=\"lazy\" decoding=\"async\" width=\"1024\" height=\"394\" src=\"https:\/\/weseeyou.fr\/wp-content\/uploads\/2025\/12\/MM_MUNZ_BARRE_Black_on_Transparent-1024x394.png\" alt=\"\" class=\"wp-image-707 size-full\" srcset=\"https:\/\/weseeyou.fr\/wp-content\/uploads\/2025\/12\/MM_MUNZ_BARRE_Black_on_Transparent-1024x394.png 1024w, https:\/\/weseeyou.fr\/wp-content\/uploads\/2025\/12\/MM_MUNZ_BARRE_Black_on_Transparent-300x116.png 300w, https:\/\/weseeyou.fr\/wp-content\/uploads\/2025\/12\/MM_MUNZ_BARRE_Black_on_Transparent-768x296.png 768w, https:\/\/weseeyou.fr\/wp-content\/uploads\/2025\/12\/MM_MUNZ_BARRE_Black_on_Transparent-1536x591.png 1536w, https:\/\/weseeyou.fr\/wp-content\/uploads\/2025\/12\/MM_MUNZ_BARRE_Black_on_Transparent-2048x789.png 2048w\" sizes=\"auto, (max-width: 1024px) 100vw, 1024px\" \/><\/a><\/figure><\/div>\n\n\n\n<div class=\"wp-block-media-text has-media-on-the-right is-stacked-on-mobile\" style=\"grid-template-columns:auto 15%\"><div class=\"wp-block-media-text__content\">\n<p>Professeure de Hatha Yoga certifi\u00e9e 500h YOGA ALLIANCE<\/p>\n<\/div><figure class=\"wp-block-media-text__media\"><img loading=\"lazy\" decoding=\"async\" width=\"300\" height=\"300\" src=\"https:\/\/weseeyou.fr\/wp-content\/uploads\/2025\/01\/LOGO-YOGA-ALLIANCE-RYS-500300x300-1.png\" alt=\"\" class=\"wp-image-554 size-full\" srcset=\"https:\/\/weseeyou.fr\/wp-content\/uploads\/2025\/01\/LOGO-YOGA-ALLIANCE-RYS-500300x300-1.png 300w, https:\/\/weseeyou.fr\/wp-content\/uploads\/2025\/01\/LOGO-YOGA-ALLIANCE-RYS-500300x300-1-150x150.png 150w\" sizes=\"auto, (max-width: 300px) 100vw, 300px\" \/><\/figure><\/div>\n\n\n\n<div class=\"wp-block-media-text has-media-on-the-right is-stacked-on-mobile\" style=\"grid-template-columns:auto 15%\"><div class=\"wp-block-media-text__content\">\n<p>Sophrologue titre RNCP<\/p>\n<\/div><figure class=\"wp-block-media-text__media\"><img loading=\"lazy\" decoding=\"async\" width=\"300\" height=\"300\" src=\"https:\/\/weseeyou.fr\/wp-content\/uploads\/2025\/01\/Logo-SFS300x300.png\" alt=\"\" class=\"wp-image-555 size-full\" srcset=\"https:\/\/weseeyou.fr\/wp-content\/uploads\/2025\/01\/Logo-SFS300x300.png 300w, https:\/\/weseeyou.fr\/wp-content\/uploads\/2025\/01\/Logo-SFS300x300-150x150.png 150w\" sizes=\"auto, (max-width: 300px) 100vw, 300px\" \/><\/figure><\/div>\n\n\n\n<p><\/p>\n","protected":false},"excerpt":{"rendered":"<p>\u00ab Nous vous voyons tel que vous \u00eates, dans votre singularit\u00e9, et nous vous accompagnons vers votre \u00e9panouissement \u00bb A propos de l&rsquo;intervenante Houy-Sy THAO Coach certifi\u00e9e MUNZ FLOOR\u00ae Coach certifi\u00e9e MUNZ BARRE\u00ae Professeure de Hatha Yoga certifi\u00e9e 500h YOGA ALLIANCE Sophrologue titre RNCP<\/p>\n","protected":false},"author":1,"featured_media":0,"parent":0,"menu_order":0,"comment_status":"closed","ping_status":"closed","template":"","meta":{"footnotes":""},"class_list":["post-2","page","type-page","status-publish","hentry"],"yoast_head":"<!-- This site is optimized with the Yoast SEO plugin v27.5 - https:\/\/yoast.com\/product\/yoast-seo-wordpress\/ -->\n<title>A propos - We See You, MUNZ FLOOR\u00ae \u00e0 Noum\u00e9a, Nouvelle-Cal\u00e9donie<\/title>\n<meta name=\"description\" content=\"Association We See You, MUNZ FLOOR\u00ae \u00e0 Noum\u00e9a, Nouvelle-Cal\u00e9donie , Houy-Sy THAO Coach MUNZ FLOOR\u00ae certifi\u00e9e\" \/>\n<meta name=\"robots\" content=\"index, follow, max-snippet:-1, max-image-preview:large, max-video-preview:-1\" \/>\n<link rel=\"canonical\" href=\"https:\/\/weseeyou.fr\/index.php\/a-propos\/\" \/>\n<meta property=\"og:locale\" content=\"fr_FR\" \/>\n<meta property=\"og:type\" content=\"article\" \/>\n<meta property=\"og:title\" content=\"A propos - We See You, MUNZ FLOOR\u00ae \u00e0 Noum\u00e9a, Nouvelle-Cal\u00e9donie\" \/>\n<meta property=\"og:description\" content=\"Association We See You, MUNZ FLOOR\u00ae \u00e0 Noum\u00e9a, Nouvelle-Cal\u00e9donie , Houy-Sy THAO Coach MUNZ FLOOR\u00ae certifi\u00e9e\" \/>\n<meta property=\"og:url\" content=\"https:\/\/weseeyou.fr\/index.php\/a-propos\/\" \/>\n<meta property=\"og:site_name\" content=\"We See You, MUNZ FLOOR\u00ae \u00e0 Noum\u00e9a, Nouvelle-Cal\u00e9donie\" \/>\n<meta property=\"article:publisher\" content=\"https:\/\/www.facebook.com\/weseeyou.nc\" \/>\n<meta property=\"article:modified_time\" content=\"2026-04-23T22:33:43+00:00\" \/>\n<meta property=\"og:image\" content=\"http:\/\/weseeyou.fr\/wp-content\/uploads\/2025\/01\/2024_Houy-Sy-THAO_Photo-portrait-768x1024.jpg\" \/>\n<meta name=\"twitter:card\" content=\"summary_large_image\" \/>\n<meta name=\"twitter:label1\" content=\"Dur\u00e9e de lecture estim\u00e9e\" \/>\n\t<meta name=\"twitter:data1\" content=\"2 minutes\" \/>\n<script type=\"application\/ld+json\" class=\"yoast-schema-graph\">{\"@context\":\"https:\\\/\\\/schema.org\",\"@graph\":[{\"@type\":\"WebPage\",\"@id\":\"https:\\\/\\\/weseeyou.fr\\\/index.php\\\/a-propos\\\/\",\"url\":\"https:\\\/\\\/weseeyou.fr\\\/index.php\\\/a-propos\\\/\",\"name\":\"A propos - We See You, MUNZ FLOOR\u00ae \u00e0 Noum\u00e9a, Nouvelle-Cal\u00e9donie\",\"isPartOf\":{\"@id\":\"https:\\\/\\\/weseeyou.fr\\\/#website\"},\"primaryImageOfPage\":{\"@id\":\"https:\\\/\\\/weseeyou.fr\\\/index.php\\\/a-propos\\\/#primaryimage\"},\"image\":{\"@id\":\"https:\\\/\\\/weseeyou.fr\\\/index.php\\\/a-propos\\\/#primaryimage\"},\"thumbnailUrl\":\"http:\\\/\\\/weseeyou.fr\\\/wp-content\\\/uploads\\\/2025\\\/01\\\/2024_Houy-Sy-THAO_Photo-portrait-768x1024.jpg\",\"datePublished\":\"2025-01-07T02:38:35+00:00\",\"dateModified\":\"2026-04-23T22:33:43+00:00\",\"description\":\"Association We See You, MUNZ FLOOR\u00ae \u00e0 Noum\u00e9a, Nouvelle-Cal\u00e9donie , Houy-Sy THAO Coach MUNZ FLOOR\u00ae certifi\u00e9e\",\"breadcrumb\":{\"@id\":\"https:\\\/\\\/weseeyou.fr\\\/index.php\\\/a-propos\\\/#breadcrumb\"},\"inLanguage\":\"fr-FR\",\"potentialAction\":[{\"@type\":\"ReadAction\",\"target\":[\"https:\\\/\\\/weseeyou.fr\\\/index.php\\\/a-propos\\\/\"]}]},{\"@type\":\"ImageObject\",\"inLanguage\":\"fr-FR\",\"@id\":\"https:\\\/\\\/weseeyou.fr\\\/index.php\\\/a-propos\\\/#primaryimage\",\"url\":\"http:\\\/\\\/weseeyou.fr\\\/wp-content\\\/uploads\\\/2025\\\/01\\\/2024_Houy-Sy-THAO_Photo-portrait-768x1024.jpg\",\"contentUrl\":\"http:\\\/\\\/weseeyou.fr\\\/wp-content\\\/uploads\\\/2025\\\/01\\\/2024_Houy-Sy-THAO_Photo-portrait-768x1024.jpg\"},{\"@type\":\"BreadcrumbList\",\"@id\":\"https:\\\/\\\/weseeyou.fr\\\/index.php\\\/a-propos\\\/#breadcrumb\",\"itemListElement\":[{\"@type\":\"ListItem\",\"position\":1,\"name\":\"Accueil\",\"item\":\"https:\\\/\\\/weseeyou.fr\\\/\"},{\"@type\":\"ListItem\",\"position\":2,\"name\":\"A propos\"}]},{\"@type\":\"WebSite\",\"@id\":\"https:\\\/\\\/weseeyou.fr\\\/#website\",\"url\":\"https:\\\/\\\/weseeyou.fr\\\/\",\"name\":\"We See You\",\"description\":\"\",\"publisher\":{\"@id\":\"https:\\\/\\\/weseeyou.fr\\\/#organization\"},\"potentialAction\":[{\"@type\":\"SearchAction\",\"target\":{\"@type\":\"EntryPoint\",\"urlTemplate\":\"https:\\\/\\\/weseeyou.fr\\\/?s={search_term_string}\"},\"query-input\":{\"@type\":\"PropertyValueSpecification\",\"valueRequired\":true,\"valueName\":\"search_term_string\"}}],\"inLanguage\":\"fr-FR\"},{\"@type\":\"Organization\",\"@id\":\"https:\\\/\\\/weseeyou.fr\\\/#organization\",\"name\":\"We See You\",\"url\":\"https:\\\/\\\/weseeyou.fr\\\/\",\"logo\":{\"@type\":\"ImageObject\",\"inLanguage\":\"fr-FR\",\"@id\":\"https:\\\/\\\/weseeyou.fr\\\/#\\\/schema\\\/logo\\\/image\\\/\",\"url\":\"http:\\\/\\\/weseeyou.fr\\\/wp-content\\\/uploads\\\/2025\\\/04\\\/LOGO_NOIR-scaled.png\",\"contentUrl\":\"http:\\\/\\\/weseeyou.fr\\\/wp-content\\\/uploads\\\/2025\\\/04\\\/LOGO_NOIR-scaled.png\",\"width\":2560,\"height\":1024,\"caption\":\"We See You\"},\"image\":{\"@id\":\"https:\\\/\\\/weseeyou.fr\\\/#\\\/schema\\\/logo\\\/image\\\/\"},\"sameAs\":[\"https:\\\/\\\/www.facebook.com\\\/weseeyou.nc\"]}]}<\/script>\n<!-- \/ Yoast SEO plugin. -->","yoast_head_json":{"title":"A propos - We See You, MUNZ FLOOR\u00ae \u00e0 Noum\u00e9a, Nouvelle-Cal\u00e9donie","description":"Association We See You, MUNZ FLOOR\u00ae \u00e0 Noum\u00e9a, Nouvelle-Cal\u00e9donie , Houy-Sy THAO Coach MUNZ FLOOR\u00ae certifi\u00e9e","robots":{"index":"index","follow":"follow","max-snippet":"max-snippet:-1","max-image-preview":"max-image-preview:large","max-video-preview":"max-video-preview:-1"},"canonical":"https:\/\/weseeyou.fr\/index.php\/a-propos\/","og_locale":"fr_FR","og_type":"article","og_title":"A propos - We See You, MUNZ FLOOR\u00ae \u00e0 Noum\u00e9a, Nouvelle-Cal\u00e9donie","og_description":"Association We See You, MUNZ FLOOR\u00ae \u00e0 Noum\u00e9a, Nouvelle-Cal\u00e9donie , Houy-Sy THAO Coach MUNZ FLOOR\u00ae certifi\u00e9e","og_url":"https:\/\/weseeyou.fr\/index.php\/a-propos\/","og_site_name":"We See You, MUNZ FLOOR\u00ae \u00e0 Noum\u00e9a, Nouvelle-Cal\u00e9donie","article_publisher":"https:\/\/www.facebook.com\/weseeyou.nc","article_modified_time":"2026-04-23T22:33:43+00:00","og_image":[{"url":"http:\/\/weseeyou.fr\/wp-content\/uploads\/2025\/01\/2024_Houy-Sy-THAO_Photo-portrait-768x1024.jpg","type":"","width":"","height":""}],"twitter_card":"summary_large_image","twitter_misc":{"Dur\u00e9e de lecture estim\u00e9e":"2 minutes"},"schema":{"@context":"https:\/\/schema.org","@graph":[{"@type":"WebPage","@id":"https:\/\/weseeyou.fr\/index.php\/a-propos\/","url":"https:\/\/weseeyou.fr\/index.php\/a-propos\/","name":"A propos - We See You, MUNZ FLOOR\u00ae \u00e0 Noum\u00e9a, Nouvelle-Cal\u00e9donie","isPartOf":{"@id":"https:\/\/weseeyou.fr\/#website"},"primaryImageOfPage":{"@id":"https:\/\/weseeyou.fr\/index.php\/a-propos\/#primaryimage"},"image":{"@id":"https:\/\/weseeyou.fr\/index.php\/a-propos\/#primaryimage"},"thumbnailUrl":"http:\/\/weseeyou.fr\/wp-content\/uploads\/2025\/01\/2024_Houy-Sy-THAO_Photo-portrait-768x1024.jpg","datePublished":"2025-01-07T02:38:35+00:00","dateModified":"2026-04-23T22:33:43+00:00","description":"Association We See You, MUNZ FLOOR\u00ae \u00e0 Noum\u00e9a, Nouvelle-Cal\u00e9donie , Houy-Sy THAO Coach MUNZ FLOOR\u00ae certifi\u00e9e","breadcrumb":{"@id":"https:\/\/weseeyou.fr\/index.php\/a-propos\/#breadcrumb"},"inLanguage":"fr-FR","potentialAction":[{"@type":"ReadAction","target":["https:\/\/weseeyou.fr\/index.php\/a-propos\/"]}]},{"@type":"ImageObject","inLanguage":"fr-FR","@id":"https:\/\/weseeyou.fr\/index.php\/a-propos\/#primaryimage","url":"http:\/\/weseeyou.fr\/wp-content\/uploads\/2025\/01\/2024_Houy-Sy-THAO_Photo-portrait-768x1024.jpg","contentUrl":"http:\/\/weseeyou.fr\/wp-content\/uploads\/2025\/01\/2024_Houy-Sy-THAO_Photo-portrait-768x1024.jpg"},{"@type":"BreadcrumbList","@id":"https:\/\/weseeyou.fr\/index.php\/a-propos\/#breadcrumb","itemListElement":[{"@type":"ListItem","position":1,"name":"Accueil","item":"https:\/\/weseeyou.fr\/"},{"@type":"ListItem","position":2,"name":"A propos"}]},{"@type":"WebSite","@id":"https:\/\/weseeyou.fr\/#website","url":"https:\/\/weseeyou.fr\/","name":"We See You","description":"","publisher":{"@id":"https:\/\/weseeyou.fr\/#organization"},"potentialAction":[{"@type":"SearchAction","target":{"@type":"EntryPoint","urlTemplate":"https:\/\/weseeyou.fr\/?s={search_term_string}"},"query-input":{"@type":"PropertyValueSpecification","valueRequired":true,"valueName":"search_term_string"}}],"inLanguage":"fr-FR"},{"@type":"Organization","@id":"https:\/\/weseeyou.fr\/#organization","name":"We See You","url":"https:\/\/weseeyou.fr\/","logo":{"@type":"ImageObject","inLanguage":"fr-FR","@id":"https:\/\/weseeyou.fr\/#\/schema\/logo\/image\/","url":"http:\/\/weseeyou.fr\/wp-content\/uploads\/2025\/04\/LOGO_NOIR-scaled.png","contentUrl":"http:\/\/weseeyou.fr\/wp-content\/uploads\/2025\/04\/LOGO_NOIR-scaled.png","width":2560,"height":1024,"caption":"We See You"},"image":{"@id":"https:\/\/weseeyou.fr\/#\/schema\/logo\/image\/"},"sameAs":["https:\/\/www.facebook.com\/weseeyou.nc"]}]}},"_links":{"self":[{"href":"https:\/\/weseeyou.fr\/index.php\/wp-json\/wp\/v2\/pages\/2","targetHints":{"allow":["GET"]}}],"collection":[{"href":"https:\/\/weseeyou.fr\/index.php\/wp-json\/wp\/v2\/pages"}],"about":[{"href":"https:\/\/weseeyou.fr\/index.php\/wp-json\/wp\/v2\/types\/page"}],"author":[{"embeddable":true,"href":"https:\/\/weseeyou.fr\/index.php\/wp-json\/wp\/v2\/users\/1"}],"replies":[{"embeddable":true,"href":"https:\/\/weseeyou.fr\/index.php\/wp-json\/wp\/v2\/comments?post=2"}],"version-history":[{"count":28,"href":"https:\/\/weseeyou.fr\/index.php\/wp-json\/wp\/v2\/pages\/2\/revisions"}],"predecessor-version":[{"id":761,"href":"https:\/\/weseeyou.fr\/index.php\/wp-json\/wp\/v2\/pages\/2\/revisions\/761"}],"wp:attachment":[{"href":"https:\/\/weseeyou.fr\/index.php\/wp-json\/wp\/v2\/media?parent=2"}],"curies":[{"name":"wp","href":"https:\/\/api.w.org\/{rel}","templated":true}]}}